usands digit of 111426?
1
What is the hundred thousands digit of 798763?
7
What is the hundred thousands digit of 885709?
8
What is the tens digit of 3035161?
6
What is the tens digit of 722852?
5
What is the tens digit of 386349?
4
What is the millions digit of 33886142?
3
What is the thousands digit of 166834?
6
What is the thousands digit of 8911250?
1
What is the tens digit of 97657?
5
What is the tens digit of 747345?
4
What is the tens digit of 1131156?
5
What is the thousands digit of 853020?
3
What is the hundreds digit of 210922?
9
What is the tens digit of 594574?
7
What is the tens digit of 832414?
1
What is the hundreds digit of 3310348?
3
What is the hundreds digit of 5765963?
9
What is the units digit of 188416?
6
What is the hundreds digit of 6831643?
6
What is the hundreds digit of 65143?
1
What is the units digit of 281162?
2
What is the units digit of 34349?
9
What is the units digit of 257137?
7
What is the millions digit of 24250879?
4
What is the thousands digit of 1277777?
7
What is the thousands digit of 283531?
3
What is the thousands digit of 406536?
6
What is the thousands digit of 1833520?
3
What is the millions digit of 8014735?
8
What is the millions digit of 3878902?
3
What is the hundreds digit of 511110?
1
What is the units digit of 27766?
6
What is the thousands digit of 1960606?
0
What is the units digit of 1833698?
8
What is the tens digit of 549118?
1
What is the hundreds digit of 496484?
4
What is the thousands digit of 84848?
4
What is the units digit of 29341?
1
What is the tens digit of 13583540?
4
What is the thousands digit of 20118?
0
What is the ten thousands digit of 1636805?
3
What is the ten millions digit of 14796556?
1
What is the ten thousands digit of 1665829?
6
What is the hundreds digit of 100409?
4
What is the ten thousands digit of 275029?
7
What is the tens digit of 17692327?
2
What is the ten thousands digit of 396153?
9
What is the hundred thousands digit of 2360952?
3
What is the tens digit of 709897?
9
What is the tens digit of 196619?
1
What is the ten thousands digit of 1691189?
9
What is the hundred thousands digit of 7933072?
9
What is the units digit of 751177?
7
What is the hundreds digit of 6692?
6
What is the thousands digit of 19235142?
5
What is the thousands digit of 904756?
4
What is the thousands digit of 1519597?
9
What is the hundred thousands digit of 10950705?
9
What is the thousands digit of 235549?
5
What is the millions digit of 3046691?
3
What is the hundred thousands digit of 16179861?
1
What is the ten thousands digit of 1806136?
0
What is the units digit of 7920833?
3
What is the hundred thousands digit of 230684?
2
What is the ten thousands digit of 372720?
7
What is the ten thousands digit of 14625873?
2
What is the thousands digit of 7455522?
5
What is the hundreds digit of 464332?
3
What is the units digit of 585305?
5
What is the thousands digit of 8514158?
4
What is the hundreds digit of 753122?
1
What is the millions digit of 3510466?
3
What is the tens digit of 9493098?
9
What is the tens digit of 84849?
4
What is the hundreds digit of 16916401?
4
What is the ten thousands digit of 39073?
3
What is the millions digit of 1423625?
1
What is the hundred thousands digit of 253012?
2
What is the ten thousands digit of 554647?
5
What is the units digit of 771135?
5
What is the ten thousands digit of 4485634?
8
What is the ten thousands digit of 95966?
9
What is the units digit of 28456793?
3
What is the hundreds digit of 12387386?
3
What is the hundred thousands digit of 3085571?
0
What is the hundreds digit of 9313826?
8
What is the hundreds digit of 20511841?
8
What is the thousands digit of 434481?
4
What is the hundred thousands digit of 782727?
7
What is the hundred thousands digit of 710395?
7
What is the tens digit of 243362?
6
What is the thousands digit of 3727777?
7
What is the hundreds digit of 2505206?
2
What is the units digit of 82269?
9
What is the thousands digit of 6642385?
2
What is the thousands digit of 280652?
0
What is the ten thousands digit of 2412595?
1
What is the hundreds digit of 9594113?
1
What is the thousands digit of 7936099?
6
What is the millions digit of 6204964?
6
What is the ten thousands digit of 145589?
4
What is the millions digit of 3005604?
3
What is the hundred thousands digit of 5330015?
3
What is the hundreds digit of 82689?
6
What is the units digit of 111329?
9
What is the ten thousands digit of 30440?
3
What is the ten thousands digit of 390948?
9
What is the units digit of 616474?
4
What is the tens digit of 74274?
7
What is the ten thousands digit of 651676?
5
What is the thousands digit of 27709?
7
What is the tens digit of 1176594?
9
What is the tens digit of 1553582?
8
What is the units digit of 1862340?
0
What is the thousands digit of 2584130?
4
What is the units digit of 2126864?
4
What is the hundred thousands digit of 21032896?
0
What is the thousands digit of 6121022?
1
What is the millions digit of 4519835?
4
What is the units digit of 3280942?
2
What is the hundred thousands digit of 168319?
1
What is the tens digit of 73713?
1
What is the millions digit of 23938340?
3
What is the hundreds digit of 757536?
5
What is the ten thousands digit of 9565540?
6
What is the thousands digit of 2979232?
9
What is the millions digit of 20100317?
0
What is the millions digit of 4902816?
4
What is the ten thousands digit of 10780208?
8
What is the hundred thousands digit of 6932718?
9
What is the tens digit of 197229?
2
What is the thousands digit of 592462?
2
What is the thousands digit of 31075?
1
What is the hundreds digit of 5686636?
6
What is the tens digit of 7214686?
8
What is the ten thousands digit of 3553681?
5
What is the tens digit of 5344782?
8
What is the hundred thousands digit of 2855708?
8
What is the hundred thousands digit of 409052?
4
What is the hundred thousands digit of 1657156?
6
What is the units digit of 750850?
0
What is the millions digit of 2769656?
2
What is the tens digit of 20470805?
0
What is the thousands digit of 8315277?
5
What is the thousands digit of 18097270?
7
What is the units digit of 294661?
1
What is the ten thousands digit of 840220?
4
What is the thousands digit of 9428504?
8
What is the hundreds digit of 795087?
0
What is the tens digit of 157444?
4
What is the thousands digit of 242646?
2
What is the ten thousands digit of 15396915?
9
What is the ten thousands digit of 933796?
3
What is the hundreds digit of 724688?
6
What is the tens digit of 603762?
6
What is the tens digit of 4885320?
2
What is the hundred thousands digit of 315401?
3
What is the tens digit of 35171?
7
What is the units digit of 241751?
1
What is the units digit of 18714?
4
What is the millions digit of 15207801?
5
What is the units digit of 219281?
1
What is the units digit of 102042?
2
What is the tens digit of 711232?
3
What is the units digit of 279835?
5
What is the thousands digit of 198020?
8
What is the units digit of 157583?
3
What is the thousands digit of 2188460?
8
What is the hundreds digit of 70074?
0
What is the units digit of 227703?
3
What is the tens digit of 344540?
4
What is the units digit of 2164581?
1
What is the tens digit of 1097620?
2
What is the tens digit of 605834?
3
What is the hundred thousands digit of 2980676?
9
What is the thousands digit of 8115589?
5
What is the thousands digit of 171747?
1
What is the thousands digit of 4824615?
4
What is the millions digit of 2678530?
2
What is the tens digit of 187267?
6
What is the hundred thousands digit of 433511?
4
What is the units digit of 408335?
5
What is the hundreds digit of 1098645?
6
What is the ten millions digit of 13603973?
1
What is the hundred thousands digit of 599383?
5
What is the hundreds digit of 5781037?
0
What is the units digit of 3238761?
1
What is the units digit of 142543?
3
What is the hundred thousands digit of 15222533?
2
What is the hundreds digit of 2382537?
5
What is the units digit of 8387363?
3
What is the thousands digit of 25756?
5
What is the thousands digit of 2069855?
9
What is the ten thousands digit of 312412?
1
What is the ten thousands digit of 867186?
6
What is the units digit of 6678270?
0
What is the tens digit of 225516?
1
What is the thousands digit of 82393?
2
What is 